(j).
73
Suppose 2932*i = 2937*i - 110. Suppose 4*o = 3*j - 29, j = -13*o + 8*o - i. Let w(d) = d**3 + 7*d**2 + 3*d. What is w(o)?
35
Let z(f) = f**3 + 10*f**2 + f + 17. Let y(j) = -11*j**2 - 4*j - 3. Let b be y(-1). What is z(b)?
7
Let j(g) = -87*g - 41. Let h(t) = 69*t + 41. Let q(i) = 4*h(i) + 3*j(i). Give q(-4).
-19
Let n(r) = -382*r - 8778. Let m be n(-23). Let c(v) = v**2 - 6*v - 3. Let s(f) = -4*f**2 + 25*f + 11. Let x(y) = -9*c(y) - 2*s(y). Give x(m).
-27
Suppose 2*x = 2*n + 26, 0 = 5*n + x + 49 - 2. Let c be (-5)/2*8/n. Let q(i) = 270*i + 273*i + 272*i + 266*i + 264*i - 1348*i. Calculate q(c).
-6
Let j(b) be the third derivative of b**4/12 + b**3/3 + 17*b**2. Suppose 2*v + 2 = -2. Let s be j(v). Let f(o) = 3*o + 2. Give f(s).
-4
Let s = -1763 + 1754. Let b(i) = -2*i**2 - 9*i + 24. Give b(s).
-57
Let y(s) = -s**3 - 7*s**2 - 5*s + 4. Let l be y(-6). Let j(v) = v + 1. Let f be j(l). Let d(p) = 112*p - 10514*p**2 - 113*p + 10522*p**2. Determine d(f).
9
Suppose -738 = 185*q + 45 - 43. Let g(z) = z**3 + 2*z**2 - 21*z - 47. Calculate g(q).
5
Let y(b) = 2*b + 6. Let n(r) = -2*r - 7. Let o(h) = -5*n(h) - 6*y(h). Suppose 26*c + 29 = -49. What is o(c)?
5
Let h(u) = -u**2 - u - 3. Suppose 195*q = 369 - 1149. What is h(q)?
-15
Let s(u) = -2*u**2 - 5*u - 7. Let h = 42 + -44. Give s(h).
-5
Suppose 0 = c + 3*r + 6, 3*c - 5*r + 91 = 3. Let v = c + 20. Let s(o) be the first derivative of 8*o**2 - 3. Determine s(v).
-16
Let m(k) = k + 0*k + 3*k**3 - 5 + 0*k**3 - 4*k**3. Let u be m(0). Let p(a) = -94*a - 13. Let c(j) = 113*j + 18. Let w(y) = 5*c(y) + 6*p(y). Calculate w(u).
7
Suppose 0 = -c - 2*c - 2*r - 6, -9 = 3*r. Let t(k) be the second derivative of k**3/2 - 2*k**2 + 34*k + 7. What is t(c)?
-4
Let s(z) = 15*z + 72. Let q(l) = l**3 - 13*l**2 + 8*l - 109. Let g be q(13). Calculate s(g).
-3
Let z(s) be the third derivative of -2*s + 6*s**2 - 1/24*s**4 + 0*s**3 + 23/60*s**5 + 0. Let o be 4/24 - (-5)/6. Calculate z(o).
22
Let j = 348 + -339. Suppose -14*v = -j*v + 5*o - 15, -7 = -3*v - 5*o. Let d(m) = -m**3 + 4*m**2 + 4*m - 5. Calculate d(v).
11
Suppose 5*d - 15 = -2*o + 5, d - 4 = 0. Let n(q) be the first derivative of 1/3*q**3 - 1/4*q**4 + 1/2*q**2 - 7*q + 34. Calculate n(o).
-7
Let c(w) be the third derivative of w**6/120 - 11*w**5/60 + 11*w**4/24 - 3*w**3/2 - 544*w**2 - 1. What is c(10)?
1
Suppose -1722 + 267 = -15*b. Let n(r) = -4*r - r - b + 3*r + 93. Suppose 5*o + 1 = -14. Give n(o).
2
Let j(x) be the second derivative of 8*x**2 + 0 - 7/2*x**3 - 1/12*x**4 + 195*x. Calculate j(-22).
-6
Let z = 6765 + -6777. Let t(v) = -10*v - 34. Give t(z).
86
Let g(i) = i**3 + i**2 + i - 25. Let f = 233 - 233. Give g(f).
-25
Let p(d) be the first derivative of -d**4/4 - 8*d**3/3 - 5*d**2/2 - 11*d - 431. Calculate p(-7).
-25
Let y(h) = -15*h**2 - 124*h + 25. Let j(d) = 7*d**2 + 58*d - 11. Let m(l) = -13*j(l) - 6*y(l). Let o(r) = -8*r + 1. Let p be o(1). Determine m(p).
14
Let s(u) = -5*u + 455. Let j(c) = 6*c - 532. Let f(m) = -6*j(m) - 7*s(m). Let a(z) = z**2 + 8*z + 8. Let o be a(-8). Give f(o).
-1
Let z(d) be the third derivative of -31*d**2 - 1/24*d**4 - 1/6*d**3 + 0 + 0*d. Let i(j) = 5*j + 6. Let r(n) = -i(n) - 6*z(n). Give r(-5).
-5
Let a(u) = -2*u**2 + 5*u + 12. Let j(i) = -8*i**2 + 17*i + 41. Let f(o) = -7*a(o) + 2*j(o). Let s = 0 - 2. What is f(s)?
-8
Let y(v) be the third derivative of v**8/20160 + v**7/2520 - v**6/720 - 11*v**5/60 + 19*v**2. Let m(s) be the third derivative of y(s). Give m(3).
14
Let b(a) = -a**3 - 8*a**2 - 8*a + 4. Let p(v) = -v**2 + 24*v + 52. Let s be p(26). Suppose 3*n + s*n - 2*c + 24 = 0, 15 = 5*c. What is b(n)?
-20
Let n(z) = -2*z**3 + 2*z**2 + z + 1. Let l be (-4 + 3)*7*-1. Suppose -21 - l = -4*v. Suppose 0*h + 14 = v*h. What is n(h)?
-5
Let j(w) be the second derivative of -w**3 - 20*w**2 + 4325*w. Calculate j(-7).
2
Let u be 3 + 9/(99/(-77)). Let c(n) = -n**2 + n - 3. Give c(u).
-23
Let f(n) be the third derivative of -n**6/120 - n**5/10 - n**4/6 - 13*n**3/6 + 250*n**2. Let q = -413 + 407. Calculate f(q).
11
Let u(d) = d**2 - d + 1. Let n be (2/(-4))/((-6)/12). Let y(c) = 8*c + 7. Let v(t) = n*y(t) + u(t). Suppose 0 = -52*m - 197 - 219. Calculate v(m).
16
Suppose 14*f - 19*f = 410. Let r = 82 + f. Suppose 20*a - 24*a = r. Let o(s) = -s**2 + 10. What is o(a)?
10
Let s(k) = -8*k + 1. Let u be s(-1). Let t(y) = u - 3 + 2*y + 2*y. Suppose 0 = 5*g - n - 30, 3*g = -2243*n + 2241*n + 18. Determine t(g).
30
Suppose -1 + 7 = 2*x. Let j(t) = -89*t**2 - t + 7. Let a(z) = 912*z**2 + 11*z - 72. Let l(d) = 4*a(d) + 41*j(d). What is l(x)?
-1
Suppose 240*y + 4*p + 16 = 244*y, -5*y + 20 = 3*p. Let s(t) = 4*t**2 - t**3 - 5*t + 0*t**3 - 4 + 1. What is s(y)?
-23
Let g(j) = -9*j. Let b be g(1). Let p(s) = -7*s**2 + 22*s + 7. Let a(n) = 3*n**2 - 10*n - 3. Let q(t) = b*a(t) - 4*p(t). Calculate q(-2).
-1
Let o be (14 + -21)*8/(-28). Let k(d) = -11*d**2 + 6*d - 14. What is k(o)?
-46
Let r be (-81)/(-12) + -3 + 18/8. Let v(t) be the third derivative of 0*t + 5*t**2 + 1/8*t**4 + 0 - 1/60*t**5 - 1/2*t**3. Determine v(r).
-21
Suppose 7 = l + g, -3*g + 10 = 5*l - 23. Let a(x) = x**3 - 4*x**2 - 13*x - 9. Calculate a(l).
-15
Suppose 7*r = 4*c + 4*r + 23, 18 = c + 4*r. Let o be (-2)/c*-2*-2. Suppose o*b - 1 = 15. Let j(h) = -h**2 + 5*h - 4. Determine j(b).
0
Suppose -15*r - 460 = -35*r. Suppose 24 = r*d - 45. Let c(t) = 2*t**3 - 2*t**2 - 5*t + 3. Give c(d).
24
Let f be 2 + 16/56 + (-44)/7. Let l be 7 - (f - -7 - 0). Suppose 0 = l*t - d - 14 - 4, 2*t - d - 8 = 0. Let r(j) = 2*j - 6. Give r(t).
4
Let g = -165 + 725. Let q = 564 - g. Let a(u) = -8*u**2 + 7*u - 10. Let z(p) = -7*p**2 + 7*p - 9. Let h(x) = 5*a(x) - 6*z(x). Give h(q).
8
Let z(t) = 68*t**2 - t - 1. Suppose 114*v - 58 + 37 = 93. What is z(v)?
66
Let d(p) = 2*p**3 - 2*p**2 - 2*p + 3. Suppose -37*h + 34*h - 195 = 0. Let a = -61 - h. Let o(u) = -u**2 + 3*u + 6. Let f be o(a). Calculate d(f).
7
Let d be (-1 - (-3)/6)*2. Let l(z) = 66*z + 18. Let n(y) = 39*y + 11. Let h(o) = 3*l(o) - 5*n(o). Determine h(d).
-4
Let d(m) = -m**2 - m + 37. Let t be (-6)/(-10)*(14 + -4). Let c be d(t). Let u(g) = -g + 1. Give u(c).
6
Suppose 5*o + 9*o - 18*o = 0. Let v(h) = 4 + 2 + 12*h**3 - h - 5 + o*h. Suppose 0 = -3*l + 5*y + 17 + 1, 3*l - 12 = 3*y. What is v(l)?
12
Let v(n) = -n**2 + 11*n + 43. Let w be (28/(-6))/((168/8)/(-63)). Determine v(w).
1
Let v(b) be the second derivative of -3*b**3/2 - 42*b**2 - 512*b. Determine v(-9).
-3
Let a be 2*2/4*-6. Let l(m) be the second derivative of -m**4/12 - 5*m**3/3 + m**2/2 + m + 175. Calculate l(a).
25
Suppose 3*s + 72 = -3*r + 39, 45 = -4*r - 5*s. Let u(t) = t**2 + 14*t + 2. Give u(r).
-38
Let j(d) = -d**3 + d**2 + 2*d - 1. Suppose 13*h = -5*l + 10*h + 23, -3*l - 5*h + 17 = 0. Let q be ((-36)/24)/((-2)/l). Determine j(q).
-13
Let m(j) = 3*j - 2. Let s(i) = 14*i - 80. Let f(h) = 7*h - 39. Let o(q) = 7*f(q) - 3*s(q). Let v be o(5). Determine m(v).
4
Let w(i) be the first derivative of 85*i**2/2 + 516*i - 3984. What is w(-6)?
6
Suppose 0 = -17*x + 16*x + 10. Suppose -2*z = z - 2*i - x, -z - 25 = 5*i. Let j(w) = -w**2 - 9. Calculate j(z).
-9
Let v(w) = -4*w + 1. Suppose 3*m = 3*q, 6*m + 4*q = 8*m + 10. Suppose -5*p + 4*o = 8*o + 24, 0 = -4*p - m*o - 21. What is v(p)?
17
Let a(h) = 331 - 292 + h**2 + 6*h + 8*h. Determine a(-9).
-6
Let a(s) = 1 + 2 + 113*s**2 - s - 9*s**3 - 112*s**2 - 2. Suppose 29*o = 52*o - 23. Give a(o).
-8
Let c(i) = 7 - 7 - i + 7. Let r = -31789 + 31796. Calculate c(r).
0
Suppose -7*r + 44489 = 44510. Let u(x) = -x + 1. Let f(z) = 8*z - 11. Let j(v) = 1. Let q(t) = f(t) + 6*j(t). Let m(y) = q(y) + 4*u(y). Give m(r).
-13
Let z(o) be the second derivative of 0*o**2 - 6*o - 24 + 2/3*o**3. Give z(3).
12
Let z(o) = 16*o**2 - 60*o - 48. Let i(l) = 19*l**2 - 63*l - 48. Let k(w) = 4*i(w) - 5*z(w). Give k(13).
-4
Let f be 37/(-1 + (-91)/(-98)). Let h = f + 516. Let p(n) = -2*n + 3. Determine p(h).
7
Let y(z) = -18 + 25 - 24*z + 28*z + 10*z - 116. What is y(7)?
-11
Let p(q) = -1101*q - 1 + 1093*q + 4 + 2 + q**2. Calculate p(8).
5
Let f(x) = -269*x + 102. Let d(l) = 49*l - 20. Let o(q) = 11*d(q) + 2*f(q). What is o(-4)?
-20
Let y be 45/3*1 - 1. Let c be (y - 5)/(2/2). Let v(q) = -4*q - 1. Let i(b) = 5*b + 2. Let s(u) = 3*i(u) + 4*v(u). Determine s(c).
-7
Let n(m) be the f